3*m + 2 = -n + 3, 2*n + 4 = -3*m. Suppose 4 = m*l, 0*t = t - 5*l + 6. Suppose 5*r = -t + 14. What is the greatest common divisor of 2 and r?
2
Let f = -231 + 287. What is the highest common factor of 16 and f?
8
Let j be (1*(-1)/(-1))/(30/390). Calculate the highest common factor of 143 and j.
13
Let g be ((-22)/(-4))/(43/86). What is the greatest common divisor of g and 539?
11
Let h = 30 - 41. Let r(s) = -s**2 - 15*s - 14. Let a be r(h). Calculate the greatest common factor of a and 5.
5
Suppose 7*u = 20 + 1. What is the highest common divisor of 1 and u?
1
Let d = -1 - -4. Suppose 0 = -i - 0*i + d. Let v be 320/12 - (-1)/3. What is the highest common divisor of v and i?
3
Suppose 4*p + 3*n - 24 = 0, 4*p - 7*p - 5*n = -29. Suppose 0 = -2*b + 2*r + p*r + 50, 5*b - 125 = 2*r. What is the highest common divisor of 5 and b?
5
Let v = 67 + -36. Calculate the greatest common factor of v and 496.
31
Let x(h) = h + 15. Let u be x(-12). Suppose 0 - 36 = 2*n. Let r be 15/((-2)/n*u). Calculate the greatest common factor of 18 and r.
9
Suppose -7*p = -5*p + 2*f - 8, -2*f = 3*p - 7. Let a(x) = -59*x + 4. Let z be a(p). Let y = 4 + 3. What is the highest common factor of z and y?
7
Suppose -43 = -3*u + 3*q + 59, -3*q - 9 = 0. What is the greatest common factor of u and 62?
31
Suppose 2*v - 26 = 92. Let m = v + -50. What is the highest common divisor of m and 9?
9
Let z(x) = 5*x - 7. Let h be z(-4). Let m be (h/6 + 4)*-506. Calculate the greatest common divisor of m and 23.
23
Suppose 3 + 6 = -3*m, 4*b = 3*m + 273. Let g(o) = o**3 - 9*o**2 + 6. Let w be g(9). Let j be 392/18 - w/(-27). Calculate the highest common factor of b and j.
22
Let r(b) = -2*b**3 - 6*b**2 - 5*b + 2. Let g(p) = p + 9. Let m be g(-13). Let f be r(m). What is the greatest common factor of 9 and f?
9
Let a = 207 + -202. Calculate the highest common factor of a and 25.
5
Suppose 9*t - 6 = 12. Suppose 3*s - 49 = 2*j, t*j - j + 31 = 2*s. Calculate the greatest common factor of s and 13.
13
Suppose -433 = -20*o + 287. Calculate the highest common factor of o and 3.
3
Let d(p) = p**2 - 7*p - 20. Let h be d(9). Let o = h - -38. What is the highest common divisor of 18 and o?
18
Suppose 2*z = -4, -495 = -5*r + 16*z - 21*z. Calculate the greatest common divisor of 1313 and r.
101
Let z(h) = h**3 + 9*h**2 + 12. Let f be z(-9). What is the greatest common divisor of f and 96?
12
Let f = 1354 - 1352. What is the greatest common divisor of f and 330?
2
Let r(t) = 11 + t - 7 + 0*t + 13. Let a be r(11). What is the highest common factor of a and 14?
14
Let r = -159 + 37. Let u be (-1)/1 + (6 - 8). Let l be (-1)/(r/40 - u). Calculate the highest common divisor of l and 4.
4
Suppose -2*g - 3*c = -9, g = 6*g - 4*c - 80. Suppose 4 = 2*k - 4. Suppose k*a - 203 = 85. What is the highest common factor of a and g?
12
Let o(q) = q**3 - 14*q**2 + 23*q + 14. Let t be o(12). Calculate the highest common factor of 18 and t.
2
Suppose 0 = -4*u - 4*m + 12, 3*m - 4 = 7*m. Suppose 0 = -u*x + 8*x - 168. Calculate the highest common divisor of x and 14.
14
Suppose -1 - 1 = 2*a. Let n be 1*(a - (-12 - 0)). Let l be (2/(8/121))/(2/8). What is the greatest common factor of l and n?
11
Suppose 2*j + 33 = s - 2*j, 0 = 5*j + 25. Calculate the highest common divisor of s and 65.
13
Let h = 250 + -218. What is the greatest common divisor of 64 and h?
32
Let b(l) = 15*l**2 + 8*l + 47. Let i be b(-4). What is the highest common factor of i and 153?
51
Let n(o) = 3*o**3 - 4*o**2 + 3*o - 2. Let v be n(2). Suppose 0 = 5*s - 3*s - v. Let k be ((-280)/s)/(5/(-15)). Calculate the greatest common factor of k and 20.
20
Let d(j) = 3*j - 2*j - 2*j - 3*j**2 - j**2 + 5 - j**3. Let q be d(-4). Let s(w) = w + 16. Let l be s(-7). What is the greatest common divisor of l and q?
9
Suppose -90 = 15*i - 21*i. Calculate the highest common factor of 90 and i.
15
Suppose 2*s = -z + 13 + 4, z + 4 = s. What is the highest common divisor of s and 161?
7
Suppose -5*g - 2*p = -262, -5*g - 24 = 5*p - 274. What is the highest common divisor of 108 and g?
54
Let o be (3 - 7) + 0 + 7 + -2. Calculate the highest common divisor of o and 23.
1
Let x(p) = -1. Let u(h) = h**2 - h + 2. Let t(s) = u(s) + x(s). Let f be t(5). Let b = -6 + 13. What is the highest common divisor of f and b?
7
Suppose 0 = 5*j - 8*j - 2*a + 726, -4*j + 945 = -5*a. What is the highest common divisor of 144 and j?
48
Let i be -28*6*2/(-16). Suppose -34 + 4 = -6*o. Suppose -o*z = -4*z - 21. Calculate the greatest common divisor of i and z.
21
Let m be (-2)/(-4)*(128 - (0 - 0)). What is the highest common factor of m and 32?
32
Let x(m) = -2*m**2 + 104*m - 183. Let d be x(50). Let f be 2/(143/(-144) - -1). Let a = f - 186. Calculate the greatest common factor of d and a.
17
Suppose -c + 6 = -42. What is the greatest common divisor of c and 12?
12
Suppose -3*g + u = 13855, u - 5 = 2*u. Let m be g/(-48) - (-2)/(-8). Suppose -5*b + 4 = -56. What is the highest common divisor of b and m?
12
Let q be 5 + 0 - (-21)/(-7). Suppose -2*g + 68 = q*b, 0*b - 120 = -5*b + 5*g. Calculate the highest common factor of b and 261.
29
Let r be 3*10/(-5) - (-26 + 2). What is the highest common factor of 666 and r?
18
Suppose 86*h + 3328 = 14164. What is the highest common divisor of 18 and h?
18
Suppose q + 2*q = -3*u - 6, 2*u = 5*q + 10. Suppose -3*x + x + 12 = u. What is the highest common factor of 54 and x?
6
Suppose -y = 3*y - 12. Suppose 0 = o - y*o + 16. Suppose 0*z = -2*m + 5*z + 49, -5*m = 5*z - 175. What is the greatest common divisor of o and m?
8
Let x = 50 + -16. Suppose 3*v = -x + 124. What is the highest common factor of 6 and v?
6
Suppose 23*k - 405 = 20*k. Let g(l) = -l + 1. Let b be g(0). Let h = 14 + b. Calculate the highest common factor of k and h.
15
Suppose 12 = 4*m - 44. What is the greatest common divisor of 77 and m?
7
Suppose 0 = -c - 4*c + 15. Suppose 60 = 3*d - c. Let v = -11 + 14. What is the highest common factor of d and v?
3
Let p(i) = 3*i**2 - 4*i + 1. Let f be p(3). Suppose 8*k - 12*k = -f. Calculate the greatest common divisor of k and 10.
2
Suppose 8*w = 7*w. Let u = 12 + w. Let z be 478/u + 5/30. Calculate the greatest common divisor of z and 8.
8
Let d(a) = 5*a**2 - 8*a + 40. Let t be d(5). Calculate the greatest common factor of 5 and t.
5
Let z(j) = j. Let f be z(-2). Suppose -d = -2*g + 12, 3*g - d - 18 = 2*d. Let a be 3 + g/(-5 - f). What is the highest common factor of 2 and a?
1
Suppose -8*l = 27 - 91. Calculate the highest common divisor of l and 196.
4
Suppose 61*w = -h + 63*w + 73, 0 = 5*h + 4*w - 379. What is the greatest common factor of h and 3?
3
Suppose 45*v - 768 = -3*v. What is the highest common divisor of v and 224?
16
Let l(b) = -4*b + b + 6 - 14 + b. Let z be l(-10). Suppose -3*m = -4*j + z + 66, 2*m - 88 = -4*j. Calculate the greatest common divisor of j and 3.
3
Suppose -825*q + 208 = -812*q. What is the greatest common factor of q and 296?
8
Suppose 5*g - 49 - 41 = 0. Let s be g + (-4 - -3) + 3. Calculate the highest common divisor of s and 8.
4
Suppose 3*v + 5*l - 282 = 0, 8*l - 13*l = 0. What is the highest common divisor of v and 423?
47
Let j(l) = 3*l + 10*l - 4 - l. Let u be j(5). Suppose 0 = 3*x - 4*p - 21, -6*p + 2*p = 0. What is the greatest common divisor of x and u?
7
Suppose -4*t - 139 = -3*i - 573, -i + 112 = t. Calculate the highest common factor of t and 880.
110
Let a be -14*1*120/(-6). Suppose -a = 3*j - 763. Calculate the greatest common divisor of j and 23.
23
Let x(l) = -21*l - 299. Let u be x(-15). Calculate the greatest common divisor of 304 and u.
16
Suppose 120 = 2*n - 3*i, n + 0*i - 54 = 3*i. Calculate the highest common divisor of n and 99.
33
Let p be ((-252)/(-30)*20)/((-3)/(-14)). Calculate the highest common divisor of p and 32.
16
Let n be 325/55 + (-3)/(-33). Calculate the greatest common factor of n and 282.
6
Let h be (-2)/(-6)*(8 - 5). Let f(u) = 29*u**2 + 2*u - 2. Let o be f(h). Calculate the greatest common factor of o and 203.
29
Suppose -4*h + 9*v + 104 = 5*v, -2*v = -5*h + 124. Let x(l) = -l**2 - 8*l. Let b be x(-4). Calculate the highest common factor of h and b.
8
Let o be (0/(3 - (-3 - -7)))/(-1). Suppose 3*a = 3*u - o*a - 72, 4*u = -a + 106. Calculate the greatest common factor of u and 39.
13
Let w = 